495. Calculate the remainder when j is divided by 18.
16
Suppose -200 = 200*x - 204*x. Let h = 213 - x. Calculate the remainder when h is divided by 5.
3
Let y(d) = d**2 + 2*d + 6. Let c be y(-4). Let h(m) = -m + 3*m**2 - m - c*m**2 + 12*m**2 - 1. What is the remainder when h(-7) is divided by 33?
29
Let b be (-12217)/(-95) + (2/5)/1. Calculate the remainder when 6 is divided by (60/54)/5 + b/27.
1
What is the remainder when 112 is divided by (-197 - -189) + (2 - (-99 + -2))?
17
Calculate the remainder when 24/(((-252)/(-243))/7) is divided by 24.
18
Calculate the remainder when (1818/(-16))/(39/(-312)) is divided by 12.
9
Let z be (-2)/8 - 418/(-8). Suppose 4*t + 52 = 4*g + 5*t, 4*g = 4*t + z. Let y = 158 + -122. What is the remainder when y is divided by g?
10
Let a = -403 - -425. Suppose a = f - 51. What is the remainder when 140 is divided by f?
67
Let f = 60 - 55. Let x(t) = 13*t**2 + 2. Let w be x(f). Suppose -98 - 76 = -2*z - 4*m, -4*z - m + w = 0. What is the remainder when z is divided by 17?
13
Let n = 152 - 152. Suppose -2*o = 0, o = -5*z - n*o + 20. What is the remainder when 28 is divided by z?
0
Suppose y = -4*k + 60, -4*y + 2*k - 228 = -9*y. Let p = 18 - -10. Suppose -p = -4*d - j - 0*j, -3*j + 36 = 4*d. Calculate the remainder when y is divided by d.
2
Suppose 0 = -5*j - 3*o + 2498, 26*o - 21*o = -4*j + 1988. What is the remainder when j is divided by 119?
26
Let h = 110 + -75. Suppose -22*y + 2781 = 9*y - 4*y. Calculate the remainder when y is divided by h.
33
Let x(n) = -n**3 + 7*n**2 - 4*n + 1. Let c = -1 + 5. Suppose c*o = -l - l + 26, -o - 22 = -l. Calculate the remainder when x(4) is divided by l.
14
Suppose -5*c + w = -161, c - 13 = 3*w + 2*w. Suppose c*l - 44*l + 110 = 0. Let o = 74 - 45. Calculate the remainder when o is divided by l.
9
Let c(r) = 19*r - 17. Suppose 4*n - 164 = 148. Calculate the remainder when n is divided by c(3).
38
Suppose 2*x - 39 = 5*z + 23, 24 = x + z. What is the remainder when 2071 is divided by x?
17
Calculate the remainder when 95 is divided by 52/(-78)*(-2 - (-735)/(-6)).
12
Let v(s) = 93*s**2 - 2*s - 1. Suppose 2 = -2*f + 4*w, -3*f - 5*w = -2*f + 1. What is the remainder when v(f) is divided by 19?
18
Let n be 201/9 - (-2)/(-6). Suppose 2*w - n = 2. Calculate the remainder when 19 is divided by 24/(w/5 + (-12)/30).
7
Suppose 2*w + 187 - 209 = 0. Calculate the remainder when (-1)/(-2)*((1 - -6) + 129) is divided by w.
2
Let v(f) = -17*f - 35. Suppose -3*u - 5*s = -11, 5*u = -2*s - 0 - 7. Let z = -236 + 331. Calculate the remainder when z is divided by v(u).
15
Let m = -12378 - -12421. What is the remainder when 124 is divided by m?
38
Suppose 5*u - 5*l - 665 = 0, -l - 252 = -2*u + 15. Let q = -17418 + 17427. Calculate the remainder when u is divided by q.
8
Let r(o) = -211*o - 7809. What is the remainder when r(-41) is divided by 114?
44
Let t(v) = -1061*v - 154. Calculate the remainder when t(-1) is divided by 16.
11
Let j = 1317 - 1313. What is the remainder when 258 is divided by j?
2
Let p be 3 + (2 - 3) + -8. Suppose 0 = -5*k - 18*k. Calculate the remainder when 70 is divided by 2*3*(k - p).
34
Let t(c) = c**2 - 5*c + 4. Let b be t(7). Suppose 0 = 3*r - b - 0. Calculate the remainder when 28 is divided by r.
4
Let v = -1875 - -2448. What is the remainder when v is divided by 115?
113
Suppose 19433 = 619*i + 1482. Calculate the remainder when 1621 is divided by i.
26
Let p(g) = 1521*g**3 + 24*g - 760*g**3 - 760*g**3 + 26 - 24*g**2. Suppose -w - 3*m = -82, w - 5*m - 64 = 58. Calculate the remainder when w is divided by p(23).
48
Let p(b) = 21*b**2 + 235*b + 126. Calculate the remainder when 4034 is divided by p(-11).
16
Let y(x) = x**2 + 11*x - 8. Let w be y(-13). Calculate the remainder when (129/(-12))/(-1 - w/(-24)) is divided by 15.
13
Suppose 0*w + 11 = -2*w - 3*k, 0 = w + 5*k + 9. Let h(n) = 2*n**2 - 133*n - 133. Let o be h(-1). Calculate the remainder when 12 is divided by 3/((-1)/w*o).
0
Suppose -3*w = 201*p - 198*p - 885, 0 = -2*w - 5*p + 596. Calculate the remainder when w is divided by 31.
14
Let a(o) = -o**2 - 20*o - 52. Let v be a(-17). Let i = 22 - v. What is the remainder when 68 is divided by i?
22
What is the remainder when 796 - 110 - 20/(-2) is divided by 36?
12
Let x = 43 - 12. Suppose -2*z + 330 = z + 4*l, -3*l + 110 = z. Let a = 128 - z. Calculate the remainder when x is divided by a.
13
Let z = -472 - -478. What is the remainder when 132 is divided by (6 - (-186)/z) + -3?
30
Let j(u) = -u - 3. Let q be 5 - (4 - 5) - 11. Calculate the remainder when ((-26)/13)/(1 - (-7)/q) is divided by j(-6).
2
Suppose -37*z + 532 + 992 = -326. What is the remainder when ((-882)/27)/(2/(-9)) is divided by z?
47
Let z(a) = -5*a - 258. Let l be z(-45). Calculate the remainder when 245 is divided by (-2790)/l + 42/(-77).
77
Suppose -8*u + 7*u = -20. Let a = 34 - u. What is the remainder when 0/(2 - 7) - -53 is divided by a?
11
Let h = 1850 - 1834. Calculate the remainder when 41 is divided by h.
9
Suppose 85 = 5*z + 5*c, 0 = -10*z + 5*z - 4*c + 90. Let o = -41 + 41. Suppose o = 2*n + 42 - 172. Calculate the remainder when n is divided by z.
21
Suppose -m + 34 = 4*q, 13*q = 16*q. Suppose 100 = 2*t + 3*t. Calculate the remainder when m is divided by t.
14
What is the remainder when 49587 is divided by (-20 - 180/20)*-1*9?
258
Let o = 12 + 5. Suppose -5*t + 9*t = 16. Calculate the remainder when 0 + -4 + 57 - t is divided by o.
15
Let o(c) = c + 1. Let x(k) = -6*k - 9. Let v(j) = -10*o(j) + 2*x(j). What is the remainder when 51 is divided by v(-2)?
3
Suppose -80*m - 13838 = -267*m. Calculate the remainder when 1107 is divided by m.
71
Let j(q) = -11*q**3 + 102*q**2 - 19*q - 2. Let u be (-4)/10 - 15/25. What is the remainder when j(9) is divided by (-25 - u/1)/(-1)?
22
Suppose -b - 18 = 4*d + 1, 35 = -5*b - 5*d. Let v(s) = -3*s**3 - 10*s**2 - 19*s - 2. Calculate the remainder when 548 is divided by v(b).
42
Let x(k) = -3*k + 12*k**3 + k**2 + 3 - 4*k**3 + 18*k**3. Let j be x(2). Let o = j - 106. Calculate the remainder when o is divided by 15.
13
Let f = -19525 + 19555. Calculate the remainder when 9627 is divided by f.
27
Suppose 14*r = 12*r + 3*o - 15163, 0 = -4*r - 5*o - 30271. Calculate the remainder when (-4)/7 + 19/((-931)/r) is divided by 39.
37
Let h(l) = 7*l**2 - 8*l**2 + l + 4*l**3 - l**3. Suppose 5*t = -n + 19, 2*t - 5 - 1 = 0. What is the remainder when n is divided by h(1)?
1
Let b be 18 + 2 + (-36)/18. Suppose 6*f + b*f = 3048. Calculate the remainder when f is divided by 22.
17
Calculate the remainder when -362*(-10 - (-60)/8) is divided by 448.
9
Suppose -6*y + 2 - 2 = 0. Suppose y = -2*s - d + 49, -2*s + 43 = -4*d + 3*d. What is the remainder when s is divided by 9?
5
Let t = 22365 - 19358. What is the remainder when 9026 is divided by t?
5
Let y be 4/10 + (1671/(-15) - 4). Let i be y/4 - (-8)/(-32). Let n = i + 53. Calculate the remainder when 93 is divided by n.
21
Suppose 5884 = -3*v + z - 6569, 4*z = -5*v - 20738. Let a(k) = 2*k**2 - k - 5. Calculate the remainder when a(5) is divided by (-2)/(-12) + v/(-300).
12
Let v = 6699 - 6108. Calculate the remainder when v is divided by 160.
111
Let u = -1542 - -2221. Calculate the remainder when u is divided by 17.
16
Suppose 15 = k - 219. Suppose 1570 - k = 4*c. Calculate the remainder when c is divided by 56.
54
Suppose 479*s + 19*s - 462144 = 0. What is the remainder when s is divided by 38?
16
Suppose j = -q + 4*j + 417, -3*q + 1257 = -3*j. Let h be 252/q - 5/((-50)/84). Suppose -6*u - 3 = -h*u. Calculate the remainder when 14 is divided by u.
0
Suppose 4*m + 5*m + 48169 = 38*m. What is the remainder when 1662 is divided by m?
1
Suppose -3*v = -2*i - 3, 4*i - 6 = -3*v + 15. Suppose 2*u = 2*n + 14, 8*n = 9*n - 5*u - 5. What is the remainder when 119 is divided by ((-16)/n)/(v/45)?
23
Suppose 83 = -0*p + p. Let o = -727 - -747. Calculate the remainder when p is divided by o.
3
Suppose g + 4*g - 390 = 0. Calculate the remainder when 310 is divided by g.
76
Let j(n) = -n**2 + 63*n - 605. Calculate the remainder when j(12) is divided by 3.
1
Suppose -2*c - 4*t = 88, 137 = -3*c - t - 10. Calculate the remainder when 85 is divided by c/(-4) + -3 + 49/14.
7
Let r(m) = -15*m - 12. Let j be r(-1). Suppose z = 5*i + 90 + 83, z -